n divisor of v and 18.
18
Suppose 9*w - 3*w = 198. Let q(c) = -c - 2. Let p be q(0). Let j(o) = o**3 + 2*o**2 - o + 1. Let v be j(p). What is the highest common factor of v and w?
3
Suppose 58 = 5*i + d, 2*d = 4*d + 4. Calculate the greatest common divisor of i and 12.
12
Suppose -4 = -5*k + 31. Suppose -5*l - 5*o - k = -87, 3*l + 5*o = 54. Calculate the highest common divisor of l and 65.
13
Suppose z + 3*t - 30 = -2*t, 0 = 2*z - 2*t - 12. Suppose -21*w + 11*w + 20 = 0. What is the greatest common divisor of z and w?
2
Let x = 128 - 207. Let d be 2/(-6) - x/3. Suppose 5*z + 1 - 66 = 0. Calculate the greatest common divisor of d and z.
13
Suppose 3071 = 2*h + 1095. Let a be 1*12 + -4 + 2. Let v be h/10 + 2/a. What is the highest common divisor of v and 11?
11
Let g = 39 - 3. Let o = 36 + -27. Calculate the highest common divisor of o and g.
9
Suppose -v = v - 140. Let z = -117 + 196. Let n = z - 51. Calculate the highest common factor of v and n.
14
Suppose -c + 5*o = -35, o - 50 = -4*c + 3*o. Let l be ((-7)/3)/(1/3). Let t = l + c. What is the highest common divisor of 15 and t?
3
Let h = -20 + 38. Calculate the greatest common factor of h and 12.
6
Let d(i) = 4*i. Let o be d(1). Let t(k) = -2 - 1 + 5 + 16*k. Let w be t(o). Calculate the highest common divisor of w and 11.
11
Let o(i) = -5*i + 4. Let u be o(3). Let k = u + 16. Suppose -k*m + 161 = -139. Calculate the highest common divisor of m and 20.
20
Suppose -2*m = -5*p + 74, -4*p = 4*m - 37 - 39. Let u = 2 + p. What is the greatest common factor of 9 and u?
9
Let p = 61 - 37. What is the highest common factor of p and 72?
24
Suppose -4*l + 136 + 32 = 0. Let g be 6*(-1)/(-2) - -3. What is the highest common divisor of g and l?
6
Suppose 4*t - 2 - 30 = 0. Let v(n) = n**2 - 3*n + 8. Let c be v(t). Calculate the highest common factor of 12 and c.
12
Suppose z - 24 = u - 4*z, -2*u - 5*z + 27 = 0. Suppose -4*a - a + 25 = 0. Let f be (a - 4)*4/1. What is the greatest common divisor of f and u?
1
Let w = 2 - 4. Let q(v) = -v**2 + v + 2. Let r be q(3). Let x = w - r. What is the greatest common divisor of 16 and x?
2
Let t(a) = a + 9. Let i be t(-5). Suppose 0 = -3*o - 4*d + 7, 2 - 14 = -i*o - 4*d. Calculate the highest common factor of 45 and o.
5
Let f(g) = 3*g - 14. Let a be f(6). Calculate the highest common divisor of a and 4.
4
Let p = -2 + 4. Suppose 2*k = -p*k. Suppose k*v - v = -8. What is the highest common divisor of 24 and v?
8
Suppose 19 = 3*x + v, -4*v - 2 = x - 1. Calculate the highest common factor of x and 1.
1
Suppose 4*x + 3*t = 3, -5*t + 0*t - 12 = x. Suppose 4*o - 152 = -x*k, -o + 13 = -5*k - 2. Calculate the greatest common factor of o and 5.
5
Let z(s) = 13*s + 19. Let j be z(3). What is the greatest common factor of j and 203?
29
Let c = -78 + 132. What is the highest common factor of c and 72?
18
Suppose -a - 2*a + 5*g + 2 = 0, 0 = -2*a - 4*g + 16. Let d be a/(-10)*(-180)/6. What is the highest common factor of d and 60?
12
Let g(l) = 8*l - 1. Let c be g(1). Suppose 3*f + 19 = -8. Let m = 58 + f. Calculate the greatest common factor of c and m.
7
Suppose 0 = 3*t + 5*j - 517, -t - 2*j = -4*j - 154. Suppose -5*h = -286 - t. Calculate the greatest common factor of 36 and h.
18
Suppose -5 = -4*g + 51. Let q = -66 - -111. Let a = 87 - q. Calculate the highest common factor of g and a.
14
Let z(x) = x**3 + 8*x**2 + 7. Let o be z(-8). Suppose 25 = o*q - 2*q. Suppose -4*v + 1 + 1 = 2*y, -5*v = 2*y. What is the greatest common divisor of y and q?
5
Suppose 1 + 41 = 3*h. Let s be -2 - 7/(h/(-44)). What is the highest common divisor of s and 5?
5
Let q be (16/(-2))/(-13 - -12). Let s be (77/(-28))/((-2)/q). Calculate the greatest common factor of s and 11.
11
Let l(h) = -h**3 - 3*h**2 + h - 7. Let d be l(-5). Suppose 14 = j - n, -4*j + 0*j - 5*n = -d. What is the greatest common divisor of 3 and j?
3
Let j(x) = -7*x - 3. Let a = -6 + 4. Let d be j(a). What is the highest common divisor of d and 33?
11
Let c be 6422/34 - (-6)/51. Calculate the greatest common divisor of c and 27.
27
Suppose -5*b + 155 = -2*o, 0 = 2*o - 6*o + 20. Let u be 12*(-3)/9*-2. Let g be (-26)/(-8) + (-2)/u. What is the greatest common divisor of g and b?
3
Let f be (-6)/(-9) + (-2)/3 - -24. What is the highest common factor of f and 72?
24
Suppose -3*a = -4*n + 491, 4*a + 605 = 5*n + 2*a. Let x be -2 - (40/(-2) - -1). What is the greatest common factor of x and n?
17
Suppose 4*n - 12 = 52. Suppose -3 - 7 = 5*p. Let h be p - (-24 + -1 + -1). Calculate the greatest common factor of h and n.
8
Suppose 0 = -3*a, -5*a = s - 4*s + 27. Calculate the greatest common divisor of 1 and s.
1
Let u be (-137)/(-3) - (-2)/(-3). Let b = -42 - -47. Calculate the greatest common divisor of b and u.
5
Let h(m) = -5*m + 2 + 2*m**2 - 2*m**2 - m**2 + 2*m**2. Let y be h(5). What is the greatest common factor of y and 18?
2
Suppose 3*b - 3 - 6 = 0. Suppose -4*k + b = -13. Suppose -5*a - k*x + 9 = 0, -4*a + 4*x - 3*x = -24. Calculate the greatest common factor of 5 and a.
5
Let n(p) = p - 2. Let y be n(7). Suppose -4 = m - y*i - 25, m = -i + 21. Let b = m - 9. What is the greatest common divisor of 84 and b?
12
Let r(k) = -29*k - 2. Let a be r(-2). Let h(s) = 3*s - 16. Let y be 4/(-4) + (3 - -8). Let z be h(y). What is the greatest common factor of a and z?
14
Suppose -5*y - 3*l = -1158, 943 - 248 = 3*y + 2*l. What is the highest common factor of y and 33?
33
Suppose -7 = -2*j - 5. Calculate the highest common divisor of 11 and j.
1
Let o = 9 - -2. What is the highest common divisor of o and 33?
11
Suppose 3*t + 6 = 0, -2*t + 988 = 5*o - t. What is the highest common factor of 18 and o?
18
Suppose -26 = -3*w + 4*a, -w + 8 = 5*a - 7. What is the greatest common factor of 90 and w?
10
Let w = 24 + -22. Let i = 8 + w. Let l be ((-2)/(-4))/((-2)/(-40)). Calculate the highest common factor of l and i.
10
Let u(r) = 2*r + 34. Let a be u(-14). Calculate the greatest common factor of 78 and a.
6
Let b(k) = -k**2 - 5*k + 8. Let f be b(-6). Suppose 177 = 2*x - 5*o, -f*x - 2*o - 249 = -5*x. What is the highest common divisor of x and 9?
9
Let n = -115 - -131. Calculate the highest common factor of 40 and n.
8
Let b(h) be the second derivative of h**4/12 + h**3/6 - 5*h**2/2 + 4*h. Let m be b(0). Let f = 13 + m. What is the highest common divisor of 40 and f?
8
Let r = -71 + 94. Let b(w) = 3*w**3 - 1. Let j be b(2). Calculate the greatest common factor of j and r.
23
Suppose 651 = 5*b - 119. Let t(n) = 2*n**2 - 4. Let l be t(-3). What is the greatest common divisor of b and l?
14
Let j be 2/(-6) - 633/(-9). Let x be ((-16)/20)/((-4)/50). Calculate the greatest common divisor of x and j.
10
Suppose 5*f = -5*m + 35, -f + 3*m = -m + 13. Suppose -1 = l - p - 22, -f*l + 71 = 5*p. Calculate the greatest common divisor of l and 176.
22
Suppose h + 2*h - 5*b = 116, -h + 40 = -3*b. Suppose -3*o + h = -17. Calculate the highest common factor of 6 and o.
6
Suppose 3*d - 7*d - 4*w = -212, -6 = -2*w. What is the greatest common divisor of d and 30?
10
Suppose 4 = u - 0*u. Let r be ((-52)/(-65))/(u/1210). Calculate the highest common factor of r and 22.
22
Suppose 3*y - 2*p = 59, 5*y - 30 = -p + 64. Suppose 20 + y = 3*u. Let l(s) = -s**2 - 7*s + 7. Let n be l(-6). What is the highest common factor of u and n?
13
Suppose 4*o - 3 = 77. Suppose -5*g = -4*g - o. What is the highest common divisor of 4 and g?
4
Let z(h) be the first derivative of -2*h**3/3 - 8*h**2 - 9*h + 9. Let t be z(-7). What is the highest common divisor of 40 and t?
5
Let z be 4/(6 + -2) + 3. What is the greatest common factor of 8 and z?
4
Suppose 0*z = 3*z - 9. Calculate the highest common factor of 21 and z.
3
Suppose w - 2 = -0*w + f, -5*w - 3*f + 50 = 0. Calculate the highest common divisor of 77 and w.
7
Suppose 0*m - 32 = 5*m + p, 5*m = -4*p - 38. Let s be (-124)/(-6) - (-4)/m. Let b be (20/(-6))/((-8)/240). What is the greatest common factor of s and b?
20
Suppose 5*d - b = -2*b + 48, -2*b + 46 = 5*d. Suppose 2*c - 200 = -2*c. What is the highest common factor of d and c?
10
Let v(m) = 64*m**3 + m**2 + 2*m - 2. Let g be v(1). What is the highest common factor of 13 and g?
13
Let x(s) = -s**3 + 5*s**2 - 4*s - 5. Let m be x(5). Let n = -13 - m. Calculate the greatest common divisor